p + 19074. Give q(-89).
-61
Let r(q) = -q**3 + 469*q**2 - 1860*q - 8. What is r(465)?
-8
Let c(r) = r**2 - 36*r - 4611. Calculate c(-52).
-35
Let r(i) = 240*i + 13532. What is r(-52)?
1052
Let x(c) = -29*c**3 + 12*c**2 - 524*c + 510. What is x(1)?
-31
Let i(s) = -21223*s + 4902515. Give i(231).
2
Let k(z) = -380*z + 54376. Give k(143).
36
Let u(f) = -3*f**2 + 3767*f - 52148. What is u(14)?
2
Let i(j) = -j**2 + 1859*j - 847722. Calculate i(802).
-8
Let m(l) = -4*l**3 + 936*l**2 - 7228*l - 40. What is m(8)?
-8
Let r(c) = c**2 - 228*c + 3246. Determine r(213).
51
Let r(u) = -u**3 - 247*u**2 - 8067*u + 9417. Determine r(-208).
57
Let c(h) = -430261*h - 6453909. What is c(-15)?
6
Let h(a) = -64328*a + 449816. Give h(7).
-480
Let j(z) = -z**3 + 69*z**2 - 771*z - 2654. Give j(18).
-8
Let r(k) = -2*k**3 + 137*k**2 - 110*k + 38. What is r(68)?
-2818
Let b(t) = -1876*t + 1225023. What is b(653)?
-5
Let z(l) = 29*l**2 + 83*l - 2522. Determine z(8).
-2
Let x(t) = -119966*t + 839782. Calculate x(7).
20
Let i(a) = 2*a**3 - 408*a**2 + 13124*a - 578. Determine i(164).
78
Let o(q) = 61545*q + 62216. What is o(-1)?
671
Let h(q) = -1077*q - 324178. Give h(-301).
-1
Let u(g) = -2*g**3 - 15*g**2 - 112*g - 890. Give u(-9).
361
Let i(z) = -21985*z - 330943. What is i(-15)?
-1168
Let r(n) = -2*n**2 + 250*n - 6986. Determine r(48).
406
Let d(g) = -4*g**2 - 351*g + 41684. Calculate d(66).
1094
Let s(r) = -170*r - 13577. Give s(-82).
363
Let y(v) = 27*v**3 - 6*v**2 + 119*v - 287. Give y(3).
745
Let q(y) = -331*y - 7580. Determine q(-23).
33
Let c(r) = -434045*r + 7378794. Give c(17).
29
Let r(t) = -3*t**3 - 494*t**2 - 689*t + 20548. Calculate r(-163).
10
Let p(l) = l**3 - 295*l**2 - 5604*l - 148. Give p(-18).
-688
Let m(n) = -18*n**3 - 128*n**2 + 46*n - 10. What is m(-7)?
-430
Let f(c) = -c**2 + 165869*c - 1824420. Calculate f(11).
18
Let u(w) = 1667*w**3 - 2*w**2 - 28*w + 31. Determine u(1).
1668
Let y(s) = 325*s + 35768. Give y(-110).
18
Let k(o) = 4929*o + 1291512. Determine k(-262).
114
Let n(i) = -8023*i - 128369. Determine n(-16).
-1
Let f(o) = -3*o**2 - 201*o + 446. Give f(-78).
-2128
Let z(l) = -20599*l - 144201. Calculate z(-7).
-8
Let s(y) = -22*y**2 + 318*y + 1286. What is s(-4)?
-338
Let p(l) = 7*l**2 - 1204*l + 10390. What is p(163)?
121
Let z(s) = -293*s**2 - 1895*s - 2616. Give z(-2).
2
Let y(u) = -27*u**2 + 4074*u - 113538. Determine y(114).
6
Let n(a) = -357026*a - 2142139. Determine n(-6).
17
Let b(z) = -2*z**3 + 11*z**2 - 34*z + 249. Give b(8).
-343
Let i(z) = z**3 - 298*z**2 - 611*z + 3304. Determine i(300).
4
Let d(q) = -q**3 - 7*q**2 + 34*q - 39. Give d(-6).
-279
Let z(v) = -14264*v + 126400. Calculate z(9).
-1976
Let s(t) = 3725*t + 13529. Give s(-4).
-1371
Let t(v) = -v**3 + 25*v**2 + 291*v + 153. Give t(33).
1044
Let r(a) = -38*a**2 - 697*a - 2307. What is r(-14)?
3
Let x(o) = 31288*o + 1032528. Determine x(-33).
24
Let l(z) = -1043*z + 78211. What is l(75)?
-14
Let a(m) = -9203*m - 377316. What is a(-41)?
7
Let p(a) = 2545*a + 43369. Calculate p(-17).
104
Let u(q) = 60199*q - 783038. Determine u(13).
-451
Let a(n) = -31*n**2 + 66*n - 409. Calculate a(8).
-1865
Let q(h) = -25*h**2 - 10030*h + 30320. What is q(3)?
5
Let p(m) = 663*m - 2000. Determine p(3).
-11
Let v(r) = -163*r**2 - 168*r + 451. Give v(3).
-1520
Let i(m) = -6591*m - 566823. Give i(-86).
3
Let h(n) = -n**2 - 7868*n - 753746. Calculate h(-97).
41
Let f(k) = 7*k**2 - 934*k - 935. What is f(-1)?
6
Let z(n) = -4*n**2 - 154*n - 1918. What is z(-25)?
-568
Let a(z) = z**3 + 89*z**2 - 383*z - 1057. What is a(-93)?
-34
Let p(q) = 30*q**2 + 142*q + 274. Give p(-7).
750
Let y(q) = 601*q + 112402. What is y(-187)?
15
Let f(k) = k**3 + 378*k**2 + 14729*k + 1354. Give f(-44).
-98
Let u(f) = -30148*f + 60777. Give u(2).
481
Let j(w) = 501670*w - 14046760. Calculate j(28).
0
Let d(j) = j**2 - 104*j - 7495. Calculate d(-48).
-199
Let i(l) = -9*l**2 - 129*l - 9. Calculate i(-22).
-1527
Let y(j) = j**2 - 785*j - 245985. Give y(-240).
15
Let r(c) = 21*c**3 - 3056*c**2 + 3057*c + 2. Give r(1).
24
Let n(d) = -d**3 - 277*d**2 - 18081*d + 4774. What is n(-106)?
4
Let y(s) = -6702*s - 355229. Calculate y(-53).
-23
Let z(a) = 9412*a + 66006. Calculate z(-7).
122
Let c(a) = -20*a**3 + 85*a**2 - 10*a + 46. Give c(4).
86
Let n(z) = -48*z + 1944. Calculate n(183).
-6840
Let h(o) = 619*o - 10538. Determine h(17).
-15
Let c(s) = 292315*s + 32. What is c(0)?
32
Let b(k) = 8349*k - 192025. Determine b(23).
2
Let d(n) = -n**3 - 198*n**2 - 3311*n + 6. Calculate d(-18).
1284
Let i(k) = -72*k**2 - 5959*k + 11904. What is i(2)?
-302
Let q(i) = i**2 + 24*i - 768. Give q(-44).
112
Let h(t) = -228282*t - 5478773. What is h(-24)?
-5
Let v(x) = -x**3 - 1037*x**2 - 5291*x - 135190. Determine v(-1032).
2
Let x(k) = 28*k**3 - 50*k**2 + 178*k - 1. What is x(3)?
839
Let p(k) = 2*k**3 + 375*k**2 + 189*k - 771. Determine p(-187).
-1145
Let m(v) = -v**3 + 45*v**2 - 33*v - 662. Calculate m(44).
-178
Let r(y) = 69*y**3 + 554*y**2 + 2020*y + 16028. Give r(-8).
-4
Let u(y) = 2*y**3 - 176*y**2 - 1307*y - 2231. Calculate u(95).
-46
Let j(a) = 11*a**2 + 77*a - 413. What is j(4)?
71
Let j(l) = 508*l - 7565. Calculate j(14).
-453
Let h(k) = 48*k + 1242. Give h(-10).
762
Let o(w) = -630676*w - 1261358. Calculate o(-2).
-6
Let w(m) = 10*m**2 - 880*m + 6406. Calculate w(8).
6
Let k(m) = 351*m - 8284. Give k(24).
140
Let f(z) = -z**2 - 264475*z + 1057912. What is f(4)?
-4
Let w(o) = -o**3 + 63*o**2 - 317*o - 1444. Determine w(57).
-19
Let x(n) = -18*n**2 + 403*n + 273. Determine x(24).
-423
Let k(y) = 1985*y**2 - 5978*y + 19. Give k(3).
-50
Let t(w) = 2*w**3 - 27*w**2 + 88*w - 1080. What is t(13)?
-105
Let w(z) = 623*z + 26672. Give w(-43).
-117
Let c(i) = -206291*i + 3713253. Calculate c(18).
15
Let m(a) = 249*a + 9679. Determine m(-39).
-32
Let w(x) = -2*x**3 - 6*x**2 + 6*x + 17. What is w(-6)?
197
Let t(q) = -284*q - 24829. Give t(-81).
-1825
Let u(w) = 2580*w - 897863. What is u(348)?
-23
Let f(g) = 52815*g + 1954152. What is f(-37)?
-3
Let q(t) = 100*t**2 - 154*t + 12. Calculate q(5).
1742
Let o(z) = 7*z**3 - 92*z**2 + 483*z - 241. Determine o(5).
749
Let o(g) = -2*g**3 + 245*g**2 - 130*g + 899. Determine o(122).
-77
Let v(z) = -3807*z - 746283. Give v(-196).
-111
Let w(a) = -2*a**2 + 387*a - 11099. Calculate w(35).
-4
Let f(k) = -3*k**3 + 156*k**2 - 276*k + 6297. Give f(51).
24
Let w(s) = -1068*s + 57198. Determine w(57).
-3678
Let l(w) = -4013*w - 59769. What is l(-15)?
426
Let r(d) = 13672*d - 81999. What is r(6)?
33
Let p(w) = 5*w**3 + 4784*w**2 - 927*w + 28715. Calculate p(-957).
5
Let u(j) = -21*j**2 - 372*j - 820. Determine u(-3).
107
Let k(f) = -7994*f + 159815. Determine k(20).
-65
Let t(l) = -9*l**3 - 1598*l**2 - 882*l + 524. Calculate t(-177).
-7
Let c(r) = -900*r - 500. Give c(2).
-2300
Let w(g) = -9*g**2 + 24*g - 142. Calculate w(4).
-190
Let p(d) = -80*d**3 + 1782*d**2 - 9141*d + 42. Determine p(8).
2
Let f(x) = -x**2 + 1614*x - 263090. Give f(184).
30
Let r(y) = -3*y**3 - 454*y**2 + 282*y - 2305. What is r(-152)?
1039
Let j(p) = -3*p**3 + 67*p**2 - 137*p + 1106. Calculate j(21).
-7
Let l(f) = -2*f**3 + 1200*f**2 - 2444*f + 31114. Calculate l(598).
18
Let u(x) = -670*x**2 - 3941*x - 14. What is u(-6)?
-488
Let w(r) = 5*r**3 + 69*r**2 - 58*r - 330. Give w(-14).
286
Let r(f) = 4*f**3 + 17*f**2 - 10*f - 33. Calculate r(4).
455
Let z(p) = p**3 + 107*p**2 - 119*p - 2185. Determine z(-108).
-997
Let p(t) = 2*t**3 + 64*t**2 - 1554*t - 869. Calculate p(-48).
-5
Let f(d) = -3*d**2 - 280*d - 214. What is f(-98)?
-1586
Let t(q) = -q**3 - 344*q**2 - 2668*q + 6659. Determine t(-336).
-61
Let c(o) = -2*o**3 - 534*o**2 - 3444*o + 5612. Calculate c(-8).
12
Let o(s) = -180*s + 24094. Give o(128).
1054
Let h(z) = 1578838*z + 9473033. Give h(-6).
5
Let q(v) = -45*v**3 - v**2 + 93*v - 258. Calculate q(3).
-1203
Let o(p) = 67*p**2 + 2888*p + 224. Give o(-44).
2864
Let d(a) = 555*a - 8596. Give d(16).
284
Let u(j) = 362*j + 3772. What is u(-11)?
-210
Let j(z) = -9124*z + 54969. What is j(6)?
225
Let h(z) = 17*z**2 + 111*z - 40. What is h(0)?
-40
Let s(z) = -2*z**3 - 13*z**2 + 232*z + 1194. Determine s(-12).
-6
Let g(c) = -628*c**2 + 123090*c - 394. Calculate g(196).
-2
Let x(m) = -2264*m + 319225. Determine x(141).
1
Let r(a) = -266*a**3 + 27